igit of 3650572328?
2
What is the units digit of 202655842?
2
What is the hundred thousands digit of 1021957961?
9
What is the hundreds digit of 602342648?
6
What is the thousands digit of 345828060?
8
What is the units digit of 61006450?
0
What is the ten millions digit of 81762054?
8
What is the units digit of 96742891?
1
What is the tens digit of 4186473?
7
What is the ten millions digit of 780436207?
8
What is the ten millions digit of 196153696?
9
What is the hundred thousands digit of 204712377?
7
What is the ten millions digit of 66866048?
6
What is the hundred thousands digit of 8441712?
4
What is the hundred millions digit of 2198131522?
1
What is the ten thousands digit of 149488640?
8
What is the ten millions digit of 3899799292?
9
What is the ten thousands digit of 578419800?
1
What is the ten millions digit of 347857305?
4
What is the hundred millions digit of 758177876?
7
What is the hundred thousands digit of 48295378?
2
What is the ten thousands digit of 6278308964?
0
What is the units digit of 753814278?
8
What is the hundreds digit of 96316841?
8
What is the billions digit of 1868711416?
1
What is the hundreds digit of 2293945021?
0
What is the tens digit of 68849650?
5
What is the hundred thousands digit of 393570098?
5
What is the thousands digit of 33531682?
1
What is the units digit of 7535308?
8
What is the ten thousands digit of 547742042?
4
What is the ten millions digit of 630701095?
3
What is the millions digit of 142994832?
2
What is the millions digit of 185347163?
5
What is the tens digit of 23870267?
6
What is the ten thousands digit of 6771408?
7
What is the millions digit of 212232863?
2
What is the hundreds digit of 553930205?
2
What is the ten millions digit of 836438828?
3
What is the hundreds digit of 741607072?
0
What is the hundreds digit of 296200653?
6
What is the billions digit of 2164183781?
2
What is the thousands digit of 1170903738?
3
What is the tens digit of 12635588?
8
What is the ten millions digit of 23150290?
2
What is the ten millions digit of 3242958738?
4
What is the hundreds digit of 138445372?
3
What is the hundreds digit of 732029166?
1
What is the ten thousands digit of 67783552?
8
What is the tens digit of 241445278?
7
What is the ten millions digit of 340207408?
4
What is the hundred thousands digit of 651258503?
2
What is the billions digit of 4801420482?
4
What is the ten millions digit of 738004741?
3
What is the hundred millions digit of 419044150?
4
What is the units digit of 57898238?
8
What is the ten thousands digit of 19898579?
9
What is the millions digit of 16825482?
6
What is the hundred millions digit of 592724939?
5
What is the thousands digit of 302366928?
6
What is the hundreds digit of 12960355?
3
What is the thousands digit of 55302116?
2
What is the billions digit of 2135090309?
2
What is the millions digit of 2364519412?
4
What is the tens digit of 191818626?
2
What is the thousands digit of 103967650?
7
What is the millions digit of 72609950?
2
What is the millions digit of 1081143920?
1
What is the units digit of 269299419?
9
What is the tens digit of 2507607363?
6
What is the hundred millions digit of 198150527?
1
What is the hundreds digit of 145244813?
8
What is the hundred thousands digit of 1344299871?
2
What is the ten thousands digit of 202210736?
1
What is the hundreds digit of 177693?
6
What is the thousands digit of 116292?
6
What is the ten millions digit of 11517940?
1
What is the hundred thousands digit of 2127845653?
8
What is the units digit of 945223960?
0
What is the tens digit of 1079555379?
7
What is the hundreds digit of 1329057383?
3
What is the ten millions digit of 28152413?
2
What is the tens digit of 70916098?
9
What is the thousands digit of 84025857?
5
What is the ten thousands digit of 1829358892?
5
What is the thousands digit of 4769843285?
3
What is the hundreds digit of 359328392?
3
What is the ten millions digit of 633308038?
3
What is the hundred thousands digit of 2130804266?
8
What is the millions digit of 600179494?
0
What is the hundreds digit of 5688613632?
6
What is the ten millions digit of 4926610293?
2
What is the hundred millions digit of 120436090?
1
What is the tens digit of 3707809?
0
What is the ten millions digit of 569456138?
6
What is the units digit of 603030273?
3
What is the tens digit of 337161716?
1
What is the units digit of 70394064?
4
What is the millions digit of 104045686?
4
What is the units digit of 286092819?
9
What is the tens digit of 465541408?
0
What is the hundreds digit of 302714847?
8
What is the tens digit of 1415609602?
0
What is the ten thousands digit of 759568434?
6
What is the units digit of 61884135?
5
What is the hundred millions digit of 2098048654?
0
What is the hundreds digit of 136069095?
0
What is the ten millions digit of 42146861?
4
What is the hundreds digit of 886020?
0
What is the units digit of 17031724?
4
What is the millions digit of 145876839?
5
What is the thousands digit of 10667142?
7
What is the ten thousands digit of 1050965?
5
What is the units digit of 1852425343?
3
What is the ten thousands digit of 839992611?
9
What is the ten millions digit of 2432474964?
3
What is the billions digit of 2203765076?
2
What is the thousands digit of 16023412?
3
What is the units digit of 189384595?
5
What is the ten millions digit of 61089523?
6
What is the thousands digit of 99432117?
2
What is the hundreds digit of 33144126?
1
What is the tens digit of 68950174?
7
What is the ten millions digit of 2215872276?
1
What is the millions digit of 14405145?
4
What is the thousands digit of 30372750?
2
What is the hundred millions digit of 1252695868?
2
What is the hundred thousands digit of 38208085?
2
What is the tens digit of 47480469?
6
What is the millions digit of 26065580?
6
What is the hundred thousands digit of 4019285866?
2
What is the tens digit of 304713716?
1
What is the ten thousands digit of 312877574?
7
What is the hundred thousands digit of 945378337?
3
What is the ten thousands digit of 570936036?
3
What is the ten thousands digit of 47664424?
6
What is the thousands digit of 7071321?
1
What is the ten thousands digit of 225927436?
2
What is the tens digit of 216441193?
9
What is the tens digit of 35284259?
5
What is the ten thousands digit of 4844842205?
4
What is the ten thousands digit of 3103098263?
9
What is the thousands digit of 943387397?
7
What is the ten thousands digit of 107325763?
2
What is the units digit of 95921055?
5
What is the ten millions digit of 83094594?
8
What is the hundred millions digit of 416048965?
4
What is the thousands digit of 21546073?
6
What is the hundred thousands digit of 18606362?
6
What is the tens digit of 9223093?
9
What is the hundred thousands digit of 5622196?
6
What is the ten thousands digit of 167433631?
3
What is the units digit of 2641053612?
2
What is the units digit of 6126262373?
3
What is the billions digit of 4567447681?
4
What is the ten thousands digit of 258595334?
9
What is the tens digit of 1831718?
1
What is the thousands digit of 1109792681?
2
What is the tens digit of 397030517?
1
What is the millions digit of 122455476?
2
What is the hundred millions digit of 349912110?
3
What is the hundreds digit of 100834742?
7
What is the hundreds digit of 1294183591?
5
What is the ten millions digit of 176537421?
7
What is the hundred millions digit of 684921394?
6
What is the ten millions digit of 225674524?
2
What is the millions digit of 4257130?
4
What is the billions digit of 1901479018?
1
What is the ten millions digit of 98597828?
9
What is the millions digit of 31366443?
1
What is the ten millions digit of 354643314?
5
What is the hundreds digit of 100328643?
6
What is the millions digit of 137858941?
7
What is the millions digit of 72969782?
2
What is the millions digit of 9508480?
9
What is the hundred thousands digit of 786347295?
3
What is the ten millions digit of 672104684?
7
What is the hundreds digit of 37852051?
0
What is the hundreds digit of 48290174?
1
What is the millions digit of 56992715?
6
What is the ten thousands digit of 22115503?
1
What is the units digit of 472313566?
6
What is the thousands digit of 985584211?
4
What is the tens digit of 3446504696?
9
What is the ten thousands digit 